(l)?
-8
Let y(p) = p**2 - 2*p - 1. Let d(q) = -1. Let l(u) = -u - 1. Let w(x) = -2*d(x) + l(x). Let c be w(3). Determine y(c).
7
Let i = 32 - 26. Let t(s) = -i - 5*s - 7 + 11. Let q be t(-1). Let j(n) = -n. What is j(q)?
-3
Let x(l) = l - 6. Let v(k) = 3*k - 20. Let f(q) = 6*v(q) - 19*x(q). Calculate f(-11).
5
Suppose -55 = 4*y - 3*m, 5*y = m - 5*m - 30. Let h(f) = f**3 + 9*f**2 - 8*f + 7. Determine h(y).
-13
Let x(k) = -6 - 1279*k + 1280*k + 2 - 2. Determine x(4).
-2
Let q(u) = 3*u**3 + 3*u - 2. Let v = -377 + 379. Give q(v).
28
Let g(z) = z**3 + 2*z + 2. Let c(p) = 11 + p**2 - 20 + p**3 + 2*p + 11. Let t(b) = 4*c(b) - 3*g(b). Suppose 2*r = 3*j - 4, 28 = -3*j - 5*r - 3. Calculate t(j).
6
Let k be (10/6 - 0)*3. Let m(v) be the second derivative of -2*v**3/3 + 3*v**2 - 4*v - 74. What is m(k)?
-14
Let d(u) = -u. Let s(v) = v**2 + 2*v - 4. Let p be s(-3). Let q be (p + 3 - 6) + 21. Let a = 21 - q. Calculate d(a).
-4
Let w(a) be the second derivative of a**3/6 + 3*a**2/2 - 37*a. Give w(0).
3
Let x(v) = -v + 8. Let o(n) = -n + 12. Suppose 0*p + 15 = 3*p. Let a be (-6)/4*(-546)/(-117). Let g(l) = a*x(l) + p*o(l). What is g(3)?
10
Let b(s) = -2*s**2 - 2*s + 4. Let d = 156 + -160. Give b(d).
-20
Let g(u) = 4*u**3 - 24*u**2 + 13*u + 9. Let a(n) = n**3 - 5*n**2 + 3*n + 2. Let j(l) = -9*a(l) + 2*g(l). Calculate j(-3).
3
Let i(q) = -12 + 18*q**2 + 17*q**2 - 38*q**2 + 7 - 11*q. Determine i(-4).
-9
Let h(g) be the third derivative of 0 + 11/24*g**4 + 5/6*g**3 + 5*g**2 + 0*g. Let v(z) = -22*z - 11. Let n(q) = -11*h(q) - 5*v(q). Calculate n(1).
-11
Let y(d) = 6*d**2 - 52*d - 1. Let o(l) = -l**2 + 11*l - 1. Let q(w) = -5*o(w) - y(w). Calculate q(3).
-12
Let d(s) be the third derivative of -s**6/60 - s**4/12 - 10*s**2. Give d(-2).
20
Let z(q) = -q**2 + 9*q + 7. Let g(x) = -2*x**2 + 19*x + 14. Let p(v) = -4*g(v) + 9*z(v). Suppose r = -8 + 4. Let u = 2 - r. Calculate p(u).
1
Let t be (-10)/(-3)*48/(-40). Let i(u) = u**2 + u. Let g(b) be the second derivative of -b**4/4 - 2*b**2 - 5*b. Let k(x) = g(x) + 4*i(x). Determine k(t).
-4
Let v = 22 - 21. Let q(k) = -8*k**3 - k**2. Give q(v).
-9
Let o be 1 + 0 + (-1)/(-1). Let p be (-31)/o - 5/10. Let k = 10 + p. Let z(j) = -j - 13. Determine z(k).
-7
Let s(q) = -6*q**2 - 2 - 5*q + 27*q**2 - 14*q**2 - 8*q**2. Determine s(-6).
-8
Suppose 5*g - 9 = 36. Let l(s) = -38*s - g + 2 + 1 + 36*s. Determine l(-4).
2
Let z(l) = -l**3 + 5*l**2 - 2*l + 9. Suppose 0 = 2*b - 490 + 480. Give z(b).
-1
Let p = 6 - 6. Suppose p = w - 2*w + 4. Let z(q) be the first derivative of -q**4/4 + 4*q**3/3 - q**2/2 + q - 6. Give z(w).
-3
Let j(t) = t**3 + 11*t**2 - 7*t + 12. Suppose 4*o = -0*o - 4, 5*o - 19 = 2*z. Give j(z).
-48
Let o(m) be the third derivative of -m**5/30 + 5*m**4/8 + m**3/2 + 390*m**2. Give o(8).
-5
Let z(p) = -3*p + 5. Let v(n) = 2*n. Let b(s) = 4*v(s) + 3*z(s). Determine b(14).
1
Let z(r) be the first derivative of r**4/4 + 4*r**3/3 - r**2/2 - 2. Let m = 40 - -10. Let l = 48 - m. Calculate z(l).
10
Let f = 18 + -11. Let g(b) be the first derivative of b**5/20 - 2*b**4/3 + b**3 + b**2 - 13*b - 12. Let h(m) be the first derivative of g(m). Calculate h(f).
-5
Let d(l) = -l**3 + 8*l**2 + 5. Let s be d(4). Let y = -72 + s. Let u(o) = o**2 - o - 2. Give u(y).
10
Suppose 5*a - 103 = 22. Suppose -5*v + 5 = -a. Let z(p) be the second derivative of p**3/6 - 7*p**2/2 + 9*p. Give z(v).
-1
Let c(o) = -o + 1. Let h(i) be the first derivative of -i**3/3 + 2*i**2 - i + 15. Let m(l) = 5*c(l) - h(l). Determine m(7).
-8
Let c(z) = z**2 + 7*z + 3. Suppose -p + 3 = -2*f - 7, -4*f + 3*p - 20 = 0. Determine c(f).
-7
Let g(r) = r**2 - 4*r - 8. Let m(z) = -z**2 + 3*z + 9. Let j(n) = 4*g(n) + 3*m(n). What is j(8)?
3
Let g(x) be the first derivative of -x**4/4 + 5*x**3 - 8*x**2 + 19*x + 16. Give g(14).
-9
Let n(h) = 14*h**2. Let l(u) = -4*u - 11. Let s be l(-5). Let v be s/21 + (-20)/(-35). Give n(v).
14
Let b(j) be the third derivative of j**6/120 - j**5/12 + j**4/6 + 2*j**3/3 - j**2. Let g be (-3)/(-2)*38/57. Suppose g = -5*t + 21. Determine b(t).
4
Let s(r) = 6*r**2 + 2*r**3 + 2*r**3 - 2 - 2*r + 4*r**3 - 9*r**3. Calculate s(6).
-14
Let f(a) = -4*a**3 + 3*a**2 + a + 9. Let d(m) = -m**3 + m**2 + 2. Let g(c) = 3*d(c) - f(c). Give g(-3).
-27
Let r(d) be the third derivative of -d**4/12 - 3*d**3/2 - 51*d**2. Determine r(-6).
3
Let o be -1 + (2 - 7) + 8. Let k(p) = -2*p - 5. Calculate k(o).
-9
Suppose 3*w - 3 - 15 = 0. Let b(m) be the second derivative of 10*m + 7/2*m**2 + 0 - 1/6*m**3. Determine b(w).
1
Let s(a) = -2*a**3 + 2*a**2 + a. Let o = -9 - -13. Suppose 5*k - 5*l = -15, -o*k + 2*l - 4*l = 0. Let x be k - 3 - (-6)/2. Calculate s(x).
3
Let s(x) = -17*x**2 + 1 + 16*x**2 + 2*x - 4. Suppose 5*c - 70 = -15. Suppose c = 4*f + 3. Give s(f).
-3
Suppose -2*n + 4 = -3*n. Let l be 20/(-15)*(-9)/6. Let x(p) = 2*p**l + 7*p**3 + 2*p**2 - 4 - 1 - 6*p**3. Calculate x(n).
-5
Let l(q) = -q**2 - 10*q + 141. Let j be l(-18). Let h(t) = -2*t**3 + 3*t**2 + 5*t - 4*t**2 + t**3 + 2. Give h(j).
5
Let j(k) = -2*k**2 - 10*k - 9. Let z = 35 - 6. Suppose -5*c + 0*u = u + 31, u = 5*c + z. Determine j(c).
-21
Let f(k) = -k**3 + 4*k**2 - k + 3. Let g = -15 - -21. Suppose 3*s = -g, -12 = -5*w + 5*s + 3. Let b = w + 3. What is f(b)?
-1
Let v(s) be the first derivative of 0*s + 0*s**2 + 2*s**4 - 1/3*s**3 + 21. What is v(-1)?
-9
Let t(q) = -q**2 - 13*q + 1. Let g be -33*(-5)/(-15) - 2. Determine t(g).
1
Let g(t) = -t**3 - 7*t**2 + 5*t + 19. Let k be g(-8). Let u = k + -47. Let l(f) = f**2 + 7*f + 5. Determine l(u).
-7
Let c = -11 - -7. Let u(z) = -12 + 46 - 31 - z**2 - 3*z. Determine u(c).
-1
Let l(r) = -7*r - 2. Let y be l(-1). Suppose -12 = 4*p - y*p. Suppose p = -j + 11. Let q(c) = -13*c. Calculate q(j).
13
Let y(s) = s**3 - 5*s**2 - 9*s + 3. Let r(t) = t**3 - 26*t**2 + 27*t - 45. Let m be r(25). Let c be -21*(99/21 - m). Determine y(c).
-15
Let z be (-2 - -2) + (1 - -5). Suppose 1 = -2*u + 13. Let r(x) = -20*x + 26. Let q(v) = -7*v + 9. Let s(c) = u*r(c) - 17*q(c). What is s(z)?
-3
Suppose -2*y + 7*y = 2*u + 25, -2*y - u + 10 = 0. Let c = y + -3. Let w(o) = 0 - o**2 - c - 2 + 1. Give w(0).
-3
Let h(r) = -r + 0 - 5 - 2. Suppose 81*f = 80*f + 7. Give h(f).
-14
Let o(r) be the third derivative of r**5/60 - r**4/6 - r**3 + 3*r**2. Let c be o(6). Suppose 8*y = 9*y + c. Let j(q) = q**3 + 6*q**2 + 6. Give j(y).
6
Let b(q) be the third derivative of -q**6/120 - q**5/12 - q**4/24 + q**3/6 - 2*q**2 + 58*q. What is b(-4)?
-11
Let a = -2 - -7. Suppose 5*d - 5 = -a*t, 5*d + 4*t = 2*d - 2. Let m = 8 - d. Let f(i) = -i**3 - i**2. Determine f(m).
-12
Let s(x) = -x**3 - 4*x**2 - 4. Let t be s(-4). Let u(r) = r - 2. Let j be u(t). Let f(c) be the second derivative of -c**3/6 - 2*c**2 - 5*c + 6. What is f(j)?
2
Suppose -4*i = -2 - 6. Let y = 28 - 23. Let j(o) = -2*o - 11 + y + 5. Calculate j(i).
-5
Let g(l) = -2*l + 4. Let z(q) = 3*q. Let n(r) = -2*r. Let u(m) = -8*n(m) - 5*z(m). Let v(x) = -g(x) - 3*u(x). Give v(-2).
-2
Suppose -3*x + 5*f + 16 = -16, -f = 3*x - 8. Let n be (4/(-6))/((-10)/75). Let k(d) = -3*d - n + d + 2*d + d. Give k(x).
-1
Let g(i) = 2*i**3 - 3*i**2 - 2*i + 1. Let v(o) = -o**3 - 12*o**2 + 15*o + 29. Let n be v(-13). What is g(n)?
22
Let j be (-9)/36 + 9/4. Suppose -2*k - 2 = -j*n, -2*k - k + 29 = 5*n. Let f(t) = n*t**2 + t + 4*t - t**2 - t**3 + 1. Calculate f(4).
5
Let x(q) be the first derivative of 2*q**3/3 - 4*q**2 - 7*q + 112. What is x(5)?
3
Let o be (-5)/(-2) + 1/2. Let q(d) be the second derivative of -1/3*d**3 + 2 - 8*d - d**2. What is q(o)?
-8
Let c(f) = 11 - 204*f**2 + 203*f**2 - 4 - 9*f + 2*f. Suppose -17 = 2*d - 3. Give c(d).
7
Suppose 0 = 3*l + 4*u + u + 10, l = -2*u - 5. Let b(p) be the second derivative of p**3/6 - 280*p. What is b(l)?
5
Let r(b) = -4*b**2 - 7*b + 2. Let j(p) be the third derivative of 3*p**5/20 + 7*p**4/12 - 5*p**3/6 + 15*p**2. Let t(v) = -3*j(v) - 7*r(v). Give t(-6).
-5
Let s be (-3)/2*(1 + -3). Let v(x) = -x**2 - 2 + 11 - 10 + 2*x**2. Calculate v(s).
8
Let n(g) = g**3 - g**2 - 5*g + 46. Let u(z) = z**3 - z**2 - 2*z. Let l(m) = -n(m) + 2*u(m). What is l(0)?
-46
Let j(f) be the first derivative of -11 - 1/4*f**4 + f + 5/2*f**2 - 5/3*f**3. What is j(-6)?
7
Let d(q) = -9*q - 2. Let p(f) = 180*f + 44. Let j(y) = 45*y + 11. Let w(n) = -9*j(n) + 2*p(n